{"id":1333,"date":"2012-12-12T23:03:33","date_gmt":"2012-12-12T21:03:33","guid":{"rendered":"http:\/\/www.dhra.nl\/?page_id=1333"},"modified":"2018-04-17T14:05:40","modified_gmt":"2018-04-17T12:05:40","slug":"generelle-information","status":"publish","type":"page","link":"https:\/\/dhra.nl\/?page_id=1333&lang=de","title":{"rendered":"Generelle"},"content":{"rendered":"<p><img decoding=\"async\" alt=\"\" src=\"https:\/\/dhra.nl\/images\/thumb011.jpg\" \/> <img decoding=\"async\" alt=\"\" src=\"https:\/\/dhra.nl\/images\/thumb012.jpg\" \/> <img decoding=\"async\" alt=\"\" src=\"https:\/\/dhra.nl\/images\/thumb089.jpg\" \/><\/p>\n<p>Die Fahrzeuge haben sich anzustellen im Bereich des LineUp\u2019s noch vor der Burnout Zone, in Richtung des Starts.<\/p>\n<p>Street Legal Drags ist ein Programm, welches organisiert wird durch die NHRA in den USA und ausgerichtet ist auf die Street Racer. \u00dcberwiegend in den gro\u00dfen St\u00e4dten gibt es ein gro\u00dfes Problem mit illegalen Stra\u00dfenrennen. Zusammen mit der Polizei sowie mit der Armee hat die NHRA das Programm \u201cStreet Legal Drags\u201d entwickelt, um die Stra\u00dfenrennen von der \u00f6ffentlichen Stra\u00dfe auf die Rennstrecke zu bekommen. Das Resultat zeigte sich schnell, indem drastisch die illegalen Stra\u00dfenrennen aufh\u00f6rten.<\/p>\n<p>Der US Army (offizieller Sponsor der NHRA) st\u00f6rte eine Menge von GI\u2019s die Stra\u00dfenrennen in Europe fuhren, so entschied die Army das Programm \u201cStreet Legal Drags\u201d nach Europa zu bringen um die GI\u2019s von der Stra\u00dfe zu holen.<\/p>\n<p><img loading=\"lazy\" decoding=\"async\" alt=\"\" src=\"https:\/\/dhra.nl\/images\/thumb020.jpg\" width=\"200\" height=\"150\" border=\"0\" \/>\u00a0<img loading=\"lazy\" decoding=\"async\" alt=\"\" src=\"https:\/\/dhra.nl\/images\/thumb055.jpg\" width=\"200\" height=\"150\" border=\"0\" \/>\u00a0<img loading=\"lazy\" decoding=\"async\" alt=\"\" src=\"https:\/\/dhra.nl\/images\/thumb051.jpg\" width=\"200\" height=\"150\" border=\"0\" \/><\/p>\n<p align=\"center\">Es ist egal welches Auto du f\u00e4hrst, solange es APK oder T\u00dcV gepr\u00fcft ist, Fahrzeugpapiere und ein F\u00fchrerschein vorliegen, ist es erlaubt an den Start zu gehen und am spannenden Spiel Drag Racing teilzunehmen.<\/p>\n<p style=\"text-align: center;\">In 2001 wurde das erste Spiel ausgetragen und viele Deutsche Stra\u00dfen Racer waren daran interessiert am Programm teilzunehmen. So wuchs die Entscheidung, das Programm langsam auf Europa auszuweiten, um den Stra\u00dfen Racern eine legale alternative bieten zu k\u00f6nnen. Im Rahmen eines freundlichen und offenen Charakters einer Rennveranstaltung a la \u201cRace Days\u201d existiert eine niedrige Schwelle und eine gute Begleitung der Teilnehmer, um Sie zum richtigen Drag Racer zu f\u00fchren. Durch die Renntage wird es f\u00fcr den Fahrer und den Besuchern immer interessanter Drag Racing zu erleben und zu leben.<\/p>\n<p><img loading=\"lazy\" decoding=\"async\" alt=\"\" src=\"https:\/\/wwdhra.nl\/images\/thumbfinal%20asl.jpg\" width=\"200\" height=\"150\" border=\"0\" \/>\u00a0<img loading=\"lazy\" decoding=\"async\" alt=\"\" src=\"https:\/\/dhra.nl\/images\/thumboverall%20final.jpg\" width=\"200\" height=\"150\" border=\"0\" \/>\u00a0<img loading=\"lazy\" decoding=\"async\" alt=\"\" src=\"https:\/\/dhra.nl\/images\/thumboverall%20winner.jpg\" width=\"200\" height=\"150\" border=\"0\" \/><\/p>\n<hr \/>\n","protected":false},"excerpt":{"rendered":"<p>Die Fahrzeuge haben sich anzustellen im Bereich des LineUp\u2019s noch vor der Burnout Zone, in Richtung des Starts. Street Legal Drags ist ein Programm, welches organisiert wird durch die NHRA in den USA und ausgerichtet ist auf die Street Racer. \u00dcberwiegend in den gro\u00dfen St\u00e4dten gibt es ein gro\u00dfes Problem mit illegalen Stra\u00dfenrennen. Zusammen mit [&hellip;]<\/p>\n","protected":false},"author":1,"featured_media":0,"parent":0,"menu_order":0,"comment_status":"closed","ping_status":"closed","template":"","meta":{"ngg_post_thumbnail":0,"footnotes":""},"class_list":["post-1333","page","type-page","status-publish","hentry"],"_links":{"self":[{"href":"https:\/\/dhra.nl\/index.php?rest_route=\/wp\/v2\/pages\/1333","targetHints":{"allow":["GET"]}}],"collection":[{"href":"https:\/\/dhra.nl\/index.php?rest_route=\/wp\/v2\/pages"}],"about":[{"href":"https:\/\/dhra.nl\/index.php?rest_route=\/wp\/v2\/types\/page"}],"author":[{"embeddable":true,"href":"https:\/\/dhra.nl\/index.php?rest_route=\/wp\/v2\/users\/1"}],"replies":[{"embeddable":true,"href":"https:\/\/dhra.nl\/index.php?rest_route=%2Fwp%2Fv2%2Fcomments&post=1333"}],"version-history":[{"count":5,"href":"https:\/\/dhra.nl\/index.php?rest_route=\/wp\/v2\/pages\/1333\/revisions"}],"predecessor-version":[{"id":3210,"href":"https:\/\/dhra.nl\/index.php?rest_route=\/wp\/v2\/pages\/1333\/revisions\/3210"}],"wp:attachment":[{"href":"https:\/\/dhra.nl\/index.php?rest_route=%2Fwp%2Fv2%2Fmedia&parent=1333"}],"curies":[{"name":"wp","href":"https:\/\/api.w.org\/{rel}","templated":true}]}}