{"id":1364,"date":"2012-12-21T21:23:49","date_gmt":"2012-12-21T19:23:49","guid":{"rendered":"http:\/\/www.dhra.nl\/?page_id=1364"},"modified":"2012-12-21T21:23:49","modified_gmt":"2012-12-21T19:23:49","slug":"anmeldung-klassenerklarung","status":"publish","type":"page","link":"https:\/\/dhra.nl\/?page_id=1364&lang=de","title":{"rendered":"Anmeldung &#8211; Klassenerkl\u00e4rung"},"content":{"rendered":"<p>Diese Street Legal Drags \/ EDRS Klassen werden ausgetragen:<\/p>\n<p><b>D\/SL<\/b> 15.00 Sekunden und langsamer\/Index 15.00 \u2026\u2026(1\/8 Meile: 9.60 und langsamer),<br \/>\n<b>C\/SL<\/b> 14.00 bis 14.99 Sekunden\/Index 14.00 \u2026\u2026(1\/8 Meile: 8.95 \u2013 9.59),<br \/>\n<b>B\/SL<\/b> 13.00 bis 13.99 Sekunden\/Index 13.00 \u2026\u2026(1\/8 Meile: 8.30 \u2013 8.94),<br \/>\n<b>A\/SL<\/b> 12.00 bis 12.99 Sekunden\/Index 12.00 \u2026\u2026(1\/8 Meile: 7.65 \u2013 8.29).<br \/>\n<b>SE<\/b> 10 bis 13.99 Sekunden, mit Dial-In \u2026\u2026\u2026\u2026.(1\/8 Meile: 7.05 \u2013 8.97),<br \/>\n<b>SM<\/b> ab 12 Sekunden und schneller \u2026\u2026\u2026\u2026\u2026\u2026(1\/8 Meile: 7.65 und schneller),<br \/>\n<b>King Street Bonus Runde<\/b> A\/SL bis D\/SL, SE und SM mit Dial-In (nach Qualifizierung)<br \/>\n<b>King Speed Bonus Runde<\/b> A\/SL bis D\/SL, SE und SM mit HeadsUp (nach Qualifizierung)<br \/>\n<b>SLB<\/b> Stra\u00dfenzugelassene Motor\u00e4der mit HeadsUp<br \/>\n<b>SMB<\/b> Stra\u00dfenzugelassene Motorr\u00e4der mit Dial-In<br \/>\nWenn Sie 2 x 0.50 Sekunden schneller als Ihr Index fahren, dann werden Sie eine Klasse h\u00f6her eingestuft!!<\/p>\n<p><b>\u201cOPERATION STREET LEGAL\u00a0 (OSL)\u201d:<\/b><\/p>\n<p>In den Klassen <b>D\/SL<\/b> und <b>C\/SL<\/b> sind nur Reifen mit E-Pr\u00fcfzeichen zugelassen, in den Klasen \u00a0<b>B\/SL<\/b> und <b>A\/SL<\/b> sind neben den Reifen mit E-Pr\u00fcfzeichen auch DOT-Reifen zugelassen, beide Klassen sind Heads-Up Klassen mit einer 0.500 Sekunden Sportsman-Tree-Zeitschaltung.<\/p>\n<p><b>\u201cSTREET ELIMINATOR \/\u00a0 PRO\u00a0 ET\u00a0 (SE)\u201d:<\/b><\/p>\n<p>Bracket Klasse von 10.00 bis 13.99 Sekunden. In der Klasse k\u00f6nnen stra\u00dfenzugelassene Fahrzeuge sowie modifizierte Fahrzeuge ohne Stra\u00dfenzulassung fahren (Eigentumsnachweis erforderlich), es d\u00fcrfen neben den Reifen mit E-Pr\u00fcfzeichen und DOT Kennung auch Drag Slicks verwendet werden.<\/p>\n<p><b>\u201cSTREET MODIFIED (SM)\u201d:<\/b><\/p>\n<p>In der Heads-Up Klasse wird mit einem heads-up 0.500 pro Tree gestartet.<br \/>\nIn der Klasse k\u00f6nnen stra\u00dfenzugelassene Fahrzeuge sowie modifizierte Fahrzeuge ohne Stra\u00dfenzulassung fahren (Eigentumsnachweis erforderlich), es d\u00fcrfen neben den Reifen mit E-Pr\u00fcfzeichen und DOT Kennung auch Drag Slicks verwendet werden.<\/p>\n<p>Um sich f\u00fcr eine Veranstaltung zu registrieren treffen Sie bitte eine Auswahl aus einer der oben genannten Klassen. Sind Sie ein Beginner mit einem Standard-Auto, fahren Sie vermutlich in der Klasse <b>D \/<\/b><b> SL<\/b>, falls sie jedoch schneller sind, werden Sie automatisch zum n\u00e4chsten Rennen in die jeweilige richtige Klassen \u00fcberf\u00fchrt.<\/p>\n<p>Ist das Auto leicht modifiziert, beispielsweise Lachgas, kann man dieses ab der Klasse<b> C \/ SL<\/b> fahren.<br \/>\nWenn Sie wirklich nicht wissen, in welcher Klasse Sie fahren, ist es am besten, eine Klasse nicht anzugeben und sich sp\u00e4ter von der Timing Crew in die richtige Klassen einsortieren zu lassen. Der Computer wird Sie in die richtige Klasse auf der Grundlage der heimgesuchten Rennen platzieren.<\/p>\n<p>Wenn Sie mal schneller gefahren sind als der Klassenindex in dem Sie eingeschrieben sind erlaubt, k\u00f6nnen Sie nur die Klasse wechseln zur n\u00e4chsten Veranstaltung, dieses tun Sie per <a href=\"mailto:inschrijving@dhra.nl\">E-Mail.<br \/>\nSie k\u00f6nnen nur vor der Teilnahme an der n\u00e4chsten Veranstaltung die Klasse wechseln, NICHT W\u00c4HREND DER VERANSTALTUNG!!<br \/>\n<\/a><b>Dies gilt<\/b><b> f\u00fcr jeden Teilnehmer, der die Klasse austauschen will.<\/b><\/p>\n<p>Um sich f\u00fcr die Veranstaltungen anzumelden, ist es notwendig, sich in unserem Anmeldeformular- Modul zu registrieren. Daf\u00fcr m\u00fcssen Sie einen Account erstellen. Im Men\u00fc unter Mitglieder Bereich finden Sie die Optionen f\u00fcr das Registrierungs-Modul.<\/p>\n<p><a title=\"Car Registration\" href=\"http:\/\/www.dhra.nl\/?page_id=816&amp;lang=de\">Klicken Sie hier um ein AUTO anzumelden<\/a><\/p>\n<p><a title=\"Motorfietsen voorinschrijven\" href=\"http:\/\/www.dhra.nl\/?page_id=707&amp;lang=de\">Klicken Sie hier um ein MOTORRAD anzumelden<\/a><\/p>\n","protected":false},"excerpt":{"rendered":"<p>Diese Street Legal Drags \/ EDRS Klassen werden ausgetragen: D\/SL 15.00 Sekunden und langsamer\/Index 15.00 \u2026\u2026(1\/8 Meile: 9.60 und langsamer), C\/SL 14.00 bis 14.99 Sekunden\/Index 14.00 \u2026\u2026(1\/8 Meile: 8.95 \u2013 9.59), B\/SL 13.00 bis 13.99 Sekunden\/Index 13.00 \u2026\u2026(1\/8 Meile: 8.30 \u2013 8.94), A\/SL 12.00 bis 12.99 Sekunden\/Index 12.00 \u2026\u2026(1\/8 Meile: 7.65 \u2013 8.29). SE 10 [&hellip;]<\/p>\n","protected":false},"author":1,"featured_media":0,"parent":0,"menu_order":0,"comment_status":"closed","ping_status":"closed","template":"","meta":{"ngg_post_thumbnail":0,"footnotes":""},"class_list":["post-1364","page","type-page","status-publish","hentry"],"_links":{"self":[{"href":"https:\/\/dhra.nl\/index.php?rest_route=\/wp\/v2\/pages\/1364","targetHints":{"allow":["GET"]}}],"collection":[{"href":"https:\/\/dhra.nl\/index.php?rest_route=\/wp\/v2\/pages"}],"about":[{"href":"https:\/\/dhra.nl\/index.php?rest_route=\/wp\/v2\/types\/page"}],"author":[{"embeddable":true,"href":"https:\/\/dhra.nl\/index.php?rest_route=\/wp\/v2\/users\/1"}],"replies":[{"embeddable":true,"href":"https:\/\/dhra.nl\/index.php?rest_route=%2Fwp%2Fv2%2Fcomments&post=1364"}],"version-history":[{"count":0,"href":"https:\/\/dhra.nl\/index.php?rest_route=\/wp\/v2\/pages\/1364\/revisions"}],"wp:attachment":[{"href":"https:\/\/dhra.nl\/index.php?rest_route=%2Fwp%2Fv2%2Fmedia&parent=1364"}],"curies":[{"name":"wp","href":"https:\/\/api.w.org\/{rel}","templated":true}]}}