{"id":1409,"date":"2013-01-10T21:25:50","date_gmt":"2013-01-10T19:25:50","guid":{"rendered":"http:\/\/www.dhra.nl\/?page_id=1409"},"modified":"2018-04-17T14:31:29","modified_gmt":"2018-04-17T12:31:29","slug":"technisches-regelwerk","status":"publish","type":"page","link":"https:\/\/dhra.nl\/?page_id=1409&lang=de","title":{"rendered":"Technisches Regelwerk"},"content":{"rendered":"<p>Das neue Regelwerk ist fertig.<\/p>\n<p>Aufgrund der neuen Gestaltung haben wir das Regelwerk im PDF-Format erstellt. Um die PDF-Dateien \u00f6ffnen zu k\u00f6nnen, m\u00fcssen Sie z. B. Adobe Acrobat Reader installiert haben. Sie k\u00f6nnen das Programm kostenlos \u00fcber folgende Homepage downloaden: <a href=\"http:\/\/www.adobe.com\/\" target=\"_blank\">Adobe Homepage<\/a><\/p>\n<p>Es gibt nun eine Kurz\u00fcbersicht \u00fcber das Regelwerk der Autos.<\/p>\n<p><a href=\"https:\/\/dhra.nl\/wp-content\/uploads\/2015\/02\/QUICK-REFERENCE-CHART-2015.png\" target=\"_blank\"><img loading=\"lazy\" decoding=\"async\" class=\"alignleft size-large wp-image-950\" title=\"QUICK REFERENCE CHART\" src=\"https:\/\/dhra.nl\/wp-content\/uploads\/2015\/02\/QUICK-REFERENCE-CHART-2015.png\" alt=\"\" width=\"640\" height=\"325\" \/><\/a><\/p>\n<p><strong><span style=\"color: #0000ff;\">Auto<\/span><\/strong><\/p>\n<p>Technischen Regeln A\/B\/C\/D SL :         <a title=\"SLD Reglementen\" href=\"https:\/\/dhra.nl\/Reglementen\/SLD_2016.pdf\" target=\"_blank\"><img loading=\"lazy\" decoding=\"async\" src=\"https:\/\/dhra.nl\/wp-content\/uploads\/2011\/06\/dutchflag.gif\" alt=\"\" width=\"29\" height=\"18\" \/><\/a> <a title=\"SLD Reglementen\" href=\"https:\/\/dhra.nl\/Reglementen\/SLD_2016_UK.pdf\" target=\"_blank\"><img loading=\"lazy\" decoding=\"async\" src=\"https:\/\/dhra.nl\/wp-content\/uploads\/2011\/06\/englishflag.gif\" alt=\"\" width=\"29\" height=\"18\" \/><\/a> <a title=\"SLD Reglementen\" href=\"https:\/\/dhra.nl\/Reglementen\/SLD_2016_DE.pdf\" target=\"_blank\"><img loading=\"lazy\" decoding=\"async\" src=\"https:\/\/dhra.nl\/wp-content\/uploads\/2011\/06\/germanflag.jpg\" alt=\"\" width=\"29\" height=\"18\" \/><\/a><br \/>\nTechnischen Regeln Street Eliminator: <a title=\"SE Reglementen\" href=\"https:\/\/dhra.nl\/Reglementen\/SE_2016.pdf\" target=\"_blank\"><img loading=\"lazy\" decoding=\"async\" src=\"https:\/\/dhra.nl\/wp-content\/uploads\/2011\/06\/dutchflag.gif\" alt=\"\" width=\"29\" height=\"18\" \/><\/a> <a title=\"SE Reglementen\" href=\"https:\/\/dhra.nl\/Reglementen\/SE_2016_UK.pdf\" target=\"_blank\"><img loading=\"lazy\" decoding=\"async\" src=\"https:\/\/dhra.nl\/wp-content\/uploads\/2011\/06\/englishflag.gif\" alt=\"\" width=\"29\" height=\"18\" \/><\/a> <a title=\"SE Reglementen\" href=\"https:\/\/dhra.nl\/Reglementen\/SE_2016_DE.pdf\" target=\"_blank\"><img loading=\"lazy\" decoding=\"async\" src=\"https:\/\/dhra.nl\/wp-content\/uploads\/2011\/06\/germanflag.jpg\" alt=\"\" width=\"29\" height=\"18\" \/><\/a><br \/>\nTechnischen Regeln Street Modified :   <a title=\"SM Reglementen\" href=\"https:\/\/dhra.nl\/Reglementen\/SM_2016.pdf\" target=\"_blank\"><img loading=\"lazy\" decoding=\"async\" src=\"https:\/\/dhra.nl\/wp-content\/uploads\/2011\/06\/dutchflag.gif\" alt=\"\" width=\"29\" height=\"18\" \/><\/a> <a title=\"SM Reglementen\" href=\"https:\/\/dhra.nl\/Reglementen\/SM_2016_UK.pdf\" target=\"_blank\"><img loading=\"lazy\" decoding=\"async\" src=\"https:\/\/dhra.nl\/wp-content\/uploads\/2011\/06\/englishflag.gif\" alt=\"\" width=\"29\" height=\"18\" \/><\/a> <a title=\"SM Reglementen\" href=\"https:\/\/dhra.nl\/Reglementen\/SM_2016_DE.pdf\" target=\"_blank\"><img loading=\"lazy\" decoding=\"async\" src=\"https:\/\/dhra.nl\/wp-content\/uploads\/2011\/06\/germanflag.jpg\" alt=\"\" width=\"29\" height=\"18\" \/><\/a><br \/>\nTechnischen Regeln Wild Street:            <a title=\"WS Reglementen\" href=\"https:\/\/dhra.nl\/Reglementen\/WS_2016.pdf\" target=\"_blank\"><img loading=\"lazy\" decoding=\"async\" src=\"https:\/\/dhra.nl\/wp-content\/uploads\/2011\/06\/dutchflag.gif\" alt=\"\" width=\"29\" height=\"18\" \/><\/a> <a title=\"WS Reglementen\" href=\"https:\/\/dhra.nl\/Reglementen\/WS_2016_UK.pdf\" target=\"_blank\"><img loading=\"lazy\" decoding=\"async\" src=\"https:\/\/dhra.nl\/wp-content\/uploads\/2011\/06\/englishflag.gif\" alt=\"\" width=\"29\" height=\"18\" \/><\/a> <a title=\"WS Reglementen\" href=\"https:\/\/dhra.nl\/Reglementen\/WS_2015_DE.pdf\" target=\"_blank\"><img loading=\"lazy\" decoding=\"async\" src=\"https:\/\/dhra.nl\/wp-content\/uploads\/2011\/06\/germanflag.jpg\" alt=\"\" width=\"29\" height=\"18\" \/><\/a><\/p>\n<p><strong><span style=\"color: #0000ff;\">Motor<\/span><\/strong><\/p>\n<p>Technischen Regeln Street Legal Bikes:        <a title=\"SLB Reglementen\" href=\"https:\/\/dhra.nl\/Reglementen\/SLB_2016.pdf\" target=\"_blank\"><img loading=\"lazy\" decoding=\"async\" src=\"https:\/\/dhra.nl\/wp-content\/uploads\/2011\/06\/dutchflag.gif\" alt=\"\" width=\"29\" height=\"18\" \/><\/a> <a title=\"SLB Rules UK\" href=\"https:\/\/dhra.nl\/Reglementen\/SLB_2016_UK.pdf\" target=\"_blank\"><img loading=\"lazy\" decoding=\"async\" src=\"https:\/\/dhra.nl\/wp-content\/uploads\/2011\/06\/englishflag.gif\" alt=\"\" width=\"29\" height=\"18\" \/><\/a><br \/>\nTechnischen Regeln Street Modified Bikes: <a title=\"SMB Reglementen\" href=\"https:\/\/dhra.nl\/Reglementen\/SMB_2016.pdf\" target=\"_blank\"><img loading=\"lazy\" decoding=\"async\" src=\"https:\/\/dhra.nl\/wp-content\/uploads\/2011\/06\/dutchflag.gif\" alt=\"\" width=\"29\" height=\"18\" \/><\/a> <a title=\"SMB Rules UK\" href=\"https:\/\/dhra.nl\/Reglementen\/SMB_2016_UK.pdf\" target=\"_blank\"><img loading=\"lazy\" decoding=\"async\" src=\"https:\/\/dhra.nl\/wp-content\/uploads\/2011\/06\/englishflag.gif\" alt=\"\" width=\"29\" height=\"18\" \/><\/a><br \/>\nTechnischen Regeln Pro Street Bikes:           <a title=\"PSB Reglementen\" href=\"https:\/\/dhra.nl\/Reglementen\/PSB_2016.pdf\" target=\"_blank\"><img loading=\"lazy\" decoding=\"async\" src=\"https:\/\/dhra.nl\/wp-content\/uploads\/2011\/06\/dutchflag.gif\" alt=\"\" width=\"29\" height=\"18\" \/><\/a> <a title=\"PSB Rules UK\" href=\"https:\/\/dhra.nl\/Reglementen\/PSB_2016_UK.pdf\" target=\"_blank\"><img loading=\"lazy\" decoding=\"async\" src=\"https:\/\/dhra.nl\/wp-content\/uploads\/2011\/06\/englishflag.gif\" alt=\"\" width=\"29\" height=\"18\" \/><\/a><br \/>\nTechnischen Regeln Factory Stock Bikes:    <a title=\"FSB Reglementen\" href=\"https:\/\/dhra.nl\/Reglementen\/FSB_2016.pdf\" target=\"_blank\"><img loading=\"lazy\" decoding=\"async\" src=\"https:\/\/dhra.nl\/wp-content\/uploads\/2011\/06\/dutchflag.gif\" alt=\"\" width=\"29\" height=\"18\" \/><\/a><\/p>\n<p><strong><span style=\"color: #0000ff;\">Sportliches<\/span><\/strong><\/p>\n<p>Sportliches Regelwerk: <a title=\"Sportief Reglement\" href=\"https:\/\/dhra.nl\/Reglementen\/DHRA_Rulebook_NL_2016_104a.pdf\" target=\"_blank\"><img loading=\"lazy\" decoding=\"async\" src=\"https:\/\/dhra.nl\/wp-content\/uploads\/2011\/06\/dutchflag.gif\" alt=\"\" width=\"29\" height=\"18\" \/><\/a><\/p>\n<h1><span style=\"color: #ff0000;\">Ehrencodex<\/span><\/h1>\n<div>\n<p>Respektiere dich selbst:<\/p>\n<ul>\n<li>Kein Alkohol<\/li>\n<li>Keine Drogen<\/li>\n<\/ul>\n<p>Respekt gegen\u00fcber Anderen:<\/p>\n<ul>\n<li>Keine Gewalt oder Drohungen<\/li>\n<li>Kein Vandalismus oder Diebstahl<\/li>\n<li>Meinungsverschiedenheiten sollten auf der Rennstrecke gel\u00f6st werden<\/li>\n<li>Abfall geh\u00f6rt in den M\u00fclleimer und nicht auf die Rennstrecke oder um zu.<\/li>\n<\/ul>\n<p>Respekt gegen\u00fcber der Sicherheit:<\/p>\n<ul>\n<li>Beachtung der Maximalgeschwindigkeit von 10 Km\/h in der Boxengasse, der Staging Lanes oder anderen Bereichen au\u00dferhalb der Rennstrecke<\/li>\n<li>Keine Burnouts au\u00dferhalb \u201cder Box\u201d<\/li>\n<li>Besucher m\u00fcssen au\u00dferhalb der Absperrung bleiben<\/li>\n<li>Keine Donuts, Rutschen oder andere Stunts in der Box oder auf der Rennstrecke<\/li>\n<li>Beachtung und Befolgung der Anweisungen der Timing-Crew. Unser einziges Ziel ist es, Ihnen eine sichere und spa\u00dfige Veranstaltung zu gew\u00e4hrleisten, bitte helfen Sie uns, dieses Ziel zu erreichen.<\/li>\n<\/ul>\n<p>Ihre Zusammenarbeit wird sehr gesch\u00e4tzt und ist auch besonders Notwendig. Nichtbeachtung der Regeln kann zum Ausschluss von der weiteren Teilnahme oder zum Platzverweis f\u00fchren. Die mehrfache Nichtbeachtung der Regeln kann zum Ausschluss von k\u00fcnftigen Veranstaltungen der \u201cDutch Street Power Series\u201d oder der \u201cEuropean Drag Racing Series\u201d f\u00fchren.<\/p>\n<p>Wir sind sehr bem\u00fcht mit der \u201cDutch Street Power Series\u201d und der \u201cEuropean Drag Racing Series\u201d eine seri\u00f6se Alternative zum illegalen Stra\u00dfenrennen darstellen zu k\u00f6nnen. Dies bedeutet, dass Sie nicht den unn\u00f6tigen Risiken der illegalen Stra\u00dfenrennen ausgesetzt sind. Wenn Sie an eine tolle Zeit interessiert sind, eine Reihe von Auflagen akzeptieren k\u00f6nnen, eine sichere und freundliche Umgebung bevorzugen, viel L\u00e4ufe auf der Viertelmeile gegen eine gro\u00dfe Anzahl an Herausforderer bestreiten m\u00f6chten, dann sind Sie bereit f\u00fcr die Operation: Street Legal.<\/p>\n<p><b>F\u00fcr weitere Informationen, schauen Sie auf die Homepage der <\/b><a href=\"mailto:info@dhra.nl\"><b>DHRA<\/b><\/a><\/p>\n<\/div>\n<p>To register for the events it is necesarry to create an account within our registration module. In the menu you can find the registration module options under Member Area.<\/p>\n<p><a title=\"Click here to register\" href=\"https:\/\/dhra.nl\/?page_id=763\">Click here to register for an event<\/a><\/p>\n","protected":false},"excerpt":{"rendered":"<p>Das neue Regelwerk ist fertig. Aufgrund der neuen Gestaltung haben wir das Regelwerk im PDF-Format erstellt. Um die PDF-Dateien \u00f6ffnen zu k\u00f6nnen, m\u00fcssen Sie z. B. Adobe Acrobat Reader installiert haben. Sie k\u00f6nnen das Programm kostenlos \u00fcber folgende Homepage downloaden: Adobe Homepage Es gibt nun eine Kurz\u00fcbersicht \u00fcber das Regelwerk der Autos. Auto Technischen Regeln [&hellip;]<\/p>\n","protected":false},"author":1,"featured_media":0,"parent":0,"menu_order":0,"comment_status":"closed","ping_status":"closed","template":"","meta":{"ngg_post_thumbnail":0,"footnotes":""},"class_list":["post-1409","page","type-page","status-publish","hentry"],"_links":{"self":[{"href":"https:\/\/dhra.nl\/index.php?rest_route=\/wp\/v2\/pages\/1409","targetHints":{"allow":["GET"]}}],"collection":[{"href":"https:\/\/dhra.nl\/index.php?rest_route=\/wp\/v2\/pages"}],"about":[{"href":"https:\/\/dhra.nl\/index.php?rest_route=\/wp\/v2\/types\/page"}],"author":[{"embeddable":true,"href":"https:\/\/dhra.nl\/index.php?rest_route=\/wp\/v2\/users\/1"}],"replies":[{"embeddable":true,"href":"https:\/\/dhra.nl\/index.php?rest_route=%2Fwp%2Fv2%2Fcomments&post=1409"}],"version-history":[{"count":12,"href":"https:\/\/dhra.nl\/index.php?rest_route=\/wp\/v2\/pages\/1409\/revisions"}],"predecessor-version":[{"id":3233,"href":"https:\/\/dhra.nl\/index.php?rest_route=\/wp\/v2\/pages\/1409\/revisions\/3233"}],"wp:attachment":[{"href":"https:\/\/dhra.nl\/index.php?rest_route=%2Fwp%2Fv2%2Fmedia&parent=1409"}],"curies":[{"name":"wp","href":"https:\/\/api.w.org\/{rel}","templated":true}]}}