{"id":2282,"date":"2014-04-30T21:32:45","date_gmt":"2014-04-30T19:32:45","guid":{"rendered":"http:\/\/www.dhra.nl\/?page_id=2282"},"modified":"2016-12-23T22:17:42","modified_gmt":"2016-12-23T20:17:42","slug":"preise-dhra-veranstaltungen","status":"publish","type":"page","link":"https:\/\/dhra.nl\/?page_id=2282&lang=de","title":{"rendered":"Preise DHRA Veranstaltungen"},"content":{"rendered":"<h1><i>DHRA Weekend Events<\/i><\/h1>\n<p><strong>Teilnahme \/ Eintrittspreise 2017<\/strong><\/p>\n<table>\n<tbody>\n<tr>\n<td><strong>Eintritt \/ Besucher<\/strong><\/td>\n<td><strong>Ticketshop<\/strong><\/td>\n<td><strong>Klasse<\/strong><\/td>\n<\/tr>\n<tr>\n<td>Freitag &#8211; Sontag inklusive Camping<\/td>\n<td>\u20ac 30,00<\/td>\n<td>\u20ac 40,00<\/td>\n<\/tr>\n<tr>\n<td>Tagesticket<\/td>\n<td>\u20ac 12,50<\/td>\n<td>\u20ac 15,00<\/td>\n<\/tr>\n<tr>\n<td>&nbsp;<\/td>\n<td>&nbsp;<\/td>\n<td>&nbsp;<\/td>\n<\/tr>\n<tr>\n<td><strong> Teilnahme Fahrer<\/strong><\/td>\n<td><strong>Ticketshop<\/strong><\/td>\n<td><strong>Kasse<\/strong><\/td>\n<\/tr>\n<tr>\n<td>Freitag &#8211; Sontag<\/td>\n<td>\u20ac 40,00<\/td>\n<td>\u20ac 50,00<\/td>\n<\/tr>\n<tr>\n<td>&nbsp;<\/td>\n<td>&nbsp;<\/td>\n<td>&nbsp;<\/td>\n<\/tr>\n<tr>\n<td>&nbsp;<\/td>\n<td>&nbsp;<\/td>\n<td>&nbsp;<\/td>\n<\/tr>\n<\/tbody>\n<\/table>\n<p>Kinder bis 12 Jahre&nbsp;&nbsp;&nbsp;&nbsp;&nbsp;&nbsp;&nbsp;&nbsp;&nbsp;&nbsp;&nbsp;&nbsp;&nbsp;&nbsp;&nbsp;&nbsp;&nbsp;&nbsp;&nbsp;&nbsp;&nbsp;&nbsp;&nbsp;&nbsp;&nbsp;&nbsp;&nbsp;&nbsp;&nbsp;&nbsp;&nbsp;&nbsp;&nbsp;&nbsp;&nbsp;&nbsp;&nbsp;&nbsp;&nbsp;&nbsp;&nbsp;&nbsp;&nbsp;&nbsp;&nbsp;&nbsp;&nbsp;&nbsp;&nbsp;&nbsp;&nbsp;&nbsp;&nbsp;&nbsp;&nbsp;&nbsp;&nbsp;&nbsp;&nbsp;&nbsp;&nbsp;&nbsp;&nbsp;&nbsp; &nbsp;&nbsp;freier Eintritt<br \/>\nJugend im Alter von 12-17 Jahre Fr-So <a title=\"\" href=\"#_ftn2\">[2]<\/a>&nbsp;&nbsp;&nbsp;&nbsp;&nbsp;&nbsp;&nbsp;&nbsp;&nbsp;&nbsp;&nbsp;&nbsp;&nbsp;&nbsp;&nbsp;&nbsp;&nbsp;&nbsp;&nbsp;&nbsp;&nbsp;&nbsp;&nbsp;&nbsp;&nbsp;\u20ac20,-<br \/>\nJugend im Alter von 12-17 Jahre <a title=\"\" href=\"#_ftn3\">[3]<\/a>&nbsp;&nbsp;&nbsp;&nbsp;&nbsp;&nbsp;&nbsp;&nbsp;&nbsp;&nbsp;&nbsp;&nbsp;&nbsp;&nbsp;&nbsp;&nbsp;&nbsp;&nbsp;&nbsp;&nbsp;&nbsp;&nbsp;&nbsp;&nbsp;&nbsp;&nbsp;&nbsp;&nbsp;&nbsp;&nbsp;&nbsp;&nbsp;&nbsp;&nbsp; &nbsp;\u20ac10,- (tagesticket)<\/p>\n<h1><i><span style=\"color: rgb(0, 0, 0);\">DHRA Streetlegal Nights<\/span><\/i><\/h1>\n<p>Eintritt&nbsp;&nbsp;&nbsp;&nbsp;&nbsp;&nbsp;&nbsp;&nbsp;&nbsp;&nbsp;&nbsp;&nbsp;&nbsp;&nbsp;&nbsp;&nbsp;&nbsp;&nbsp;&nbsp;&nbsp;&nbsp;&nbsp;&nbsp;&nbsp;&nbsp;&nbsp;&nbsp;&nbsp;&nbsp;&nbsp;&nbsp;&nbsp; &nbsp;&nbsp;&nbsp;&nbsp;&nbsp;&nbsp;&nbsp;&nbsp; \u20ac10,-<br \/>\nStartgeb\u00fchr Voranmeldung &nbsp;&nbsp;&nbsp; \u20ac15,-<br \/>\nStartgeb\u00fchr&nbsp;Event Kasse &nbsp;&nbsp;&nbsp;&nbsp;&nbsp;&nbsp;&nbsp;&nbsp;&nbsp; \u20ac20,-<\/p>\n<p>Kinder bis 12 Jahre&nbsp;&nbsp;&nbsp;&nbsp;&nbsp;&nbsp;&nbsp;&nbsp;&nbsp;&nbsp;&nbsp;&nbsp;&nbsp;&nbsp;&nbsp;&nbsp;&nbsp;&nbsp;freier Eintritt<\/p>\n<address><strong>Bei Abnahme von mindestens 5 Tickets (1x Fahrer f\u00fcr das Wochenende + 4x Besucher) f\u00fcr ein Wochenend-Event, k\u00f6nnen Sie einen Promo-Code bekommen. Mit diesem Gutscheincode erhalten Sie einen 10% Rabatt auf die gesamte Bestellung. Schreiben Sie vor der Bestellung uns eine E-Mail an <a href=\"mailto:eticket@dhra.nl\">eticket@dhra.nl<\/a> .<\/strong><\/address>\n<p>&nbsp;<\/p>\n<hr width=\"33%\" size=\"1\" align=\"left\">\n<p>&nbsp;<\/p>\n<p>&nbsp;<\/p>\n<address><a title=\"\" href=\"#_ftnref1\">[1]<\/a> Bitte beachten Sie, dass es nur eine begrenzte Anzahl von Wochenendtickets inklusive Camping gibt. Bestellen Sie daher die Tickets rechtzeitig.<\/address>\n<div>\n<address><a title=\"\" href=\"#_ftnref2\">[2]<\/a> ID erforderlich. Ohne Legitimation kann kein Anspruch auf einen reduzierten Preis hergestellt werden.<\/address>\n<div>\n<address><a title=\"\" href=\"#_ftnref3\">[3]<\/a> ID erforderlich. Ohne Legitimation kann kein Anspruch auf einen reduzierten Preis hergestellt werden.<\/address>\n<\/div>\n<\/div>\n","protected":false},"excerpt":{"rendered":"<p>DHRA Weekend Events Teilnahme \/ Eintrittspreise 2017 Eintritt \/ Besucher Ticketshop Klasse Freitag &#8211; Sontag inklusive Camping \u20ac 30,00 \u20ac 40,00 Tagesticket \u20ac 12,50 \u20ac 15,00 &nbsp; &nbsp; &nbsp; Teilnahme Fahrer Ticketshop Kasse Freitag &#8211; Sontag \u20ac 40,00 \u20ac 50,00 &nbsp; &nbsp; &nbsp; &nbsp; &nbsp; &nbsp; Kinder bis 12 Jahre&nbsp;&nbsp;&nbsp;&nbsp;&nbsp;&nbsp;&nbsp;&nbsp;&nbsp;&nbsp;&nbsp;&nbsp;&nbsp;&nbsp;&nbsp;&nbsp;&nbsp;&nbsp;&nbsp;&nbsp;&nbsp;&nbsp;&nbsp;&nbsp;&nbsp;&nbsp;&nbsp;&nbsp;&nbsp;&nbsp;&nbsp;&nbsp;&nbsp;&nbsp;&nbsp;&nbsp;&nbsp;&nbsp;&nbsp;&nbsp;&nbsp;&nbsp;&nbsp;&nbsp;&nbsp;&nbsp;&nbsp;&nbsp;&nbsp;&nbsp;&nbsp;&nbsp;&nbsp;&nbsp;&nbsp;&nbsp;&nbsp;&nbsp;&nbsp;&nbsp;&nbsp;&nbsp;&nbsp;&nbsp; &nbsp;&nbsp;freier Eintritt Jugend im Alter [&hellip;]<\/p>\n","protected":false},"author":1,"featured_media":0,"parent":0,"menu_order":0,"comment_status":"closed","ping_status":"closed","template":"","meta":{"ngg_post_thumbnail":0,"footnotes":""},"class_list":["post-2282","page","type-page","status-publish","hentry"],"_links":{"self":[{"href":"https:\/\/dhra.nl\/index.php?rest_route=\/wp\/v2\/pages\/2282","targetHints":{"allow":["GET"]}}],"collection":[{"href":"https:\/\/dhra.nl\/index.php?rest_route=\/wp\/v2\/pages"}],"about":[{"href":"https:\/\/dhra.nl\/index.php?rest_route=\/wp\/v2\/types\/page"}],"author":[{"embeddable":true,"href":"https:\/\/dhra.nl\/index.php?rest_route=\/wp\/v2\/users\/1"}],"replies":[{"embeddable":true,"href":"https:\/\/dhra.nl\/index.php?rest_route=%2Fwp%2Fv2%2Fcomments&post=2282"}],"version-history":[{"count":8,"href":"https:\/\/dhra.nl\/index.php?rest_route=\/wp\/v2\/pages\/2282\/revisions"}],"predecessor-version":[{"id":2912,"href":"https:\/\/dhra.nl\/index.php?rest_route=\/wp\/v2\/pages\/2282\/revisions\/2912"}],"wp:attachment":[{"href":"https:\/\/dhra.nl\/index.php?rest_route=%2Fwp%2Fv2%2Fmedia&parent=2282"}],"curies":[{"name":"wp","href":"https:\/\/api.w.org\/{rel}","templated":true}]}}